{"id":1301,"date":"2018-08-27T04:30:55","date_gmt":"2018-08-27T09:30:55","guid":{"rendered":"https:\/\/universus.mx\/Nwp\/?page_id=1301"},"modified":"2022-02-07T20:15:27","modified_gmt":"2022-02-08T02:15:27","slug":"ubicacion-2-2-2","status":"publish","type":"page","link":"https:\/\/universus.com.mx\/Nwp\/informacion\/ubicacion-2-2-2\/","title":{"rendered":"Ubicacion"},"content":{"rendered":"\n\n<p><strong>\u00a0\u00a0<\/strong><\/p>\n<p><strong>Sucursal Fuertes \u00a0 \u00a0 \u00a0 \u00a0 \u00a0 \u00a0\u00a0<\/strong> <img decoding=\"async\" class=\"gmpMarkerIconFile\" src=\"https:\/\/universus.mx\/Nwp\/wp-content\/plugins\/google-maps-ready\/modules\/icons\/icons_files\/def_icons\/gps_food_green.png\" alt=\"\" \/><br \/>Prolongacion Diagonal Defensores de la Republica<br \/>No 64 Local 20, Plaza Los Fuertes<br \/>Colonia Corredor Industrial La Cienega<br \/>Puebla, Pue. Mexico 72260<\/p>\n<p>Tel: <a href=\"tel:\/\/\u2a252225508057\">(222)\u00a0 5508057<\/a><\/p>\n<p><code>\n<div class=\"juiz_sps_links  counters_both juiz_sps_displayed_bottom\" data-post-id=\"1301\">\n<p class=\"screen-reader-text juiz_sps_maybe_hidden_text\">Compartir la entrada \"Ubicacion\"<\/p>\n\n\t<ul class=\"juiz_sps_links_list\" onclick=\"void(0);\"><li class=\"juiz_sps_item juiz_sps_link_twitter\"><a href=\"https:\/\/x.com\/intent\/tweet?source=webclient&#038;original_referer=https%3A%2F%2Funiversus.com.mx%2FNwp%2Fwp-json%2Fwp%2Fv2%2Fpages%2F1301&#038;text=Ubicacion&#038;url=https%3A%2F%2Funiversus.com.mx%2FNwp%2Fwp-json%2Fwp%2Fv2%2Fpages%2F1301&#038;related=slavalle&#038;via=slavalle\" rel=\"nofollow\"   title=\"Compartir este art\u00edculo en X\" class=\"juiz_sps_button\" data-nobs-key=\"twitter\"><span class=\"juiz_sps_icon jsps-twitter\"><\/span><span class=\"juiz_sps_network_name\">X<\/span><\/a><\/li><li class=\"juiz_sps_item juiz_sps_link_facebook\"><a href=\"https:\/\/www.facebook.com\/sharer.php?u=https%3A%2F%2Funiversus.com.mx%2FNwp%2Fwp-json%2Fwp%2Fv2%2Fpages%2F1301\" rel=\"nofollow\"   title=\"Compartir este art\u00edculo en Facebook\" class=\"juiz_sps_button\" data-nobs-key=\"facebook\"><span class=\"juiz_sps_icon jsps-facebook\"><\/span><span class=\"juiz_sps_network_name\">Facebook<\/span><\/a><\/li><li class=\"juiz_sps_item juiz_sps_link_linkedin\"><a href=\"https:\/\/www.linkedin.com\/sharing\/share-offsite\/?url=https%3A%2F%2Funiversus.com.mx%2FNwp%2Fwp-json%2Fwp%2Fv2%2Fpages%2F1301\" rel=\"nofollow\"   title=\"Compartir este art\u00edculo en LinkedIn\" class=\"juiz_sps_button\" data-nobs-key=\"linkedin\"><span class=\"juiz_sps_icon jsps-linkedin\"><\/span><span class=\"juiz_sps_network_name\">LinkedIn<\/span><\/a><\/li><li class=\"juiz_sps_item juiz_sps_link_mail\"><a href=\"mailto:?subject=Visit%20this%20link%20find%20on%20https:\/\/universus.com.mx\/Nwp&#038;body=Hi,%20I%20found%20this%20information%20for%20you%20:%20Ubicacion!%20This%20is%20the%20direct%20link:%20https:\/\/universus.com.mx\/Nwp\/informacion\/ubicacion-2-2-2\/%20Have%20a%20nice%20day%20:)\" rel=\"nofollow\"   title=\"Compartir esto con un amigo (correo electr\u00f3nico)\" class=\"juiz_sps_button\" data-nobs-key=\"mail\"><span class=\"juiz_sps_icon jsps-mail\"><\/span><span class=\"juiz_sps_network_name\">Correo electr\u00f3nico<\/span><\/a><\/li><\/ul>\n\t<\/div>\n\n<\/code><\/p>\n\n","protected":false},"excerpt":{"rendered":"<p>Creper\u00edas UNIVERSUS, le ofrece nuestro servicio de desayunos, men\u00fa diario y una carta en donde tenemos como especialidad crepas, dulces \u00f3 saladas.<\/p>\n","protected":false},"author":2,"featured_media":1328,"parent":436,"menu_order":0,"comment_status":"closed","ping_status":"closed","template":"","meta":{"footnotes":""},"class_list":["post-1301","page","type-page","status-publish","has-post-thumbnail","czr-hentry"],"_links":{"self":[{"href":"https:\/\/universus.com.mx\/Nwp\/wp-json\/wp\/v2\/pages\/1301","targetHints":{"allow":["GET"]}}],"collection":[{"href":"https:\/\/universus.com.mx\/Nwp\/wp-json\/wp\/v2\/pages"}],"about":[{"href":"https:\/\/universus.com.mx\/Nwp\/wp-json\/wp\/v2\/types\/page"}],"author":[{"embeddable":true,"href":"https:\/\/universus.com.mx\/Nwp\/wp-json\/wp\/v2\/users\/2"}],"replies":[{"embeddable":true,"href":"https:\/\/universus.com.mx\/Nwp\/wp-json\/wp\/v2\/comments?post=1301"}],"version-history":[{"count":11,"href":"https:\/\/universus.com.mx\/Nwp\/wp-json\/wp\/v2\/pages\/1301\/revisions"}],"predecessor-version":[{"id":1456,"href":"https:\/\/universus.com.mx\/Nwp\/wp-json\/wp\/v2\/pages\/1301\/revisions\/1456"}],"up":[{"embeddable":true,"href":"https:\/\/universus.com.mx\/Nwp\/wp-json\/wp\/v2\/pages\/436"}],"wp:featuredmedia":[{"embeddable":true,"href":"https:\/\/universus.com.mx\/Nwp\/wp-json\/wp\/v2\/media\/1328"}],"wp:attachment":[{"href":"https:\/\/universus.com.mx\/Nwp\/wp-json\/wp\/v2\/media?parent=1301"}],"curies":[{"name":"wp","href":"https:\/\/api.w.org\/{rel}","templated":true}]}}